rue
Is 1210895209 composite?
True
Is 13888153 prime?
True
Is 2533963 a prime number?
True
Is 7885681 a prime number?
True
Is 6740521 a prime number?
False
Is 16620385 a composite number?
True
Is 71979263 a composite number?
False
Is 72465989 a prime number?
False
Is 6627899 prime?
True
Is 1807301 a prime number?
True
Is 83611159 composite?
False
Is 868778 composite?
True
Is 4002443 a composite number?
True
Is 17284321 a prime number?
True
Is 6199019 composite?
True
Is 90941749 a composite number?
True
Is 28380893 composite?
False
Is 350300497 composite?
True
Is 9834467 a composite number?
False
Is 14190919 prime?
False
Is 2985779 a composite number?
True
Is 215029 composite?
True
Is 15959 a prime number?
True
Is 476387 a composite number?
True
Is 32381963 a composite number?
False
Is 205372049 a prime number?
True
Is 99956641 a composite number?
True
Is 239840917 prime?
False
Is 38195329 a composite number?
True
Is 184865 a prime number?
False
Is 24972169 prime?
False
Is 5359327 a prime number?
True
Is 4505257 a prime number?
True
Is 1330747 prime?
False
Is 91781 a prime number?
True
Is 29292947 a composite number?
False
Is 8464331 prime?
True
Is 129051163 a composite number?
False
Is 103380637 a prime number?
True
Is 523273913 prime?
True
Is 15289847 a prime number?
True
Is 306301 composite?
False
Is 165658889 a prime number?
False
Is 2085539 a prime number?
True
Is 119567813 composite?
True
Is 7646519 prime?
True
Is 98537767 prime?
True
Is 14724461 composite?
True
Is 13171 prime?
True
Is 1361889071 prime?
True
Is 6778637 prime?
True
Is 50787413 prime?
False
Is 37468157 a composite number?
True
Is 97915109 a composite number?
False
Is 5276489 a composite number?
True
Is 1120957283 prime?
True
Is 31381739 a composite number?
False
Is 14969 composite?
False
Is 27680881 prime?
True
Is 172396241 a prime number?
False
Is 25115603 prime?
True
Is 88217 prime?
False
Is 10340347 a composite number?
False
Is 44024234 a prime number?
False
Is 2605633 composite?
True
Is 122397167 a composite number?
True
Is 31792911 prime?
False
Is 13795021 prime?
True
Is 5321447 composite?
True
Is 680527 composite?
True
Is 5308571 prime?
True
Is 28318517 prime?
True
Is 35678455 a composite number?
True
Is 10613429 a prime number?
False
Is 116650661 a prime number?
True
Is 341244727 prime?
False
Is 1120283 a prime number?
False
Is 6368311 composite?
False
Is 25601953 composite?
True
Is 23190905 a composite number?
True
Is 5805467 composite?
False
Is 16805713 a prime number?
True
Is 991561 a composite number?
True
Is 553643 a prime number?
True
Is 13482353 a prime number?
True
Is 2738639 prime?
True
Is 6063619 prime?
True
Is 231224113 a prime number?
True
Is 195295391 prime?
True
Is 133334819 composite?
False
Is 79186951 prime?
False
Is 1122029 composite?
False
Is 1946831 prime?
False
Is 1054149 a composite number?
True
Is 190464427 composite?
False
Is 10228247 composite?
False
Is 49829939 prime?
True
Is 33648451 prime?
True
Is 9138553 a prime number?
True
Is 9129163 a composite number?
True
Is 35611999 a composite number?
False
Is 235308071 composite?
True
Is 991091 composite?
False
Is 9263057 composite?
True
Is 65277941 prime?
True
Is 1955359 a composite number?
True
Is 36940669 prime?
True
Is 406583 a prime number?
True
Is 4377257 composite?
False
Is 2184909 composite?
True
Is 10197571 prime?
False
Is 19970833 composite?
False
Is 946553 composite?
True
Is 14045491 a composite number?
False
Is 3510046 a prime number?
False
Is 5188705 prime?
False
Is 47102201 a prime number?
True
Is 65049277 prime?
False
Is 16906919 a composite number?
True
Is 27521369 a prime number?
True
Is 349666921 a prime number?
True
Is 298781383 a composite number?
True
Is 56373869 a composite number?
False
Is 64221673 a prime number?
True
Is 7081387 prime?
True
Is 146582341 composite?
True
Is 1537909 a prime number?
False
Is 313471 a prime number?
True
Is 319652899 prime?
False
Is 490807337 a prime number?
True
Is 66627149 composite?
False
Is 3083869 a composite number?
False
Is 669527 composite?
False
Is 15649349 prime?
False
Is 18094651 a prime number?
False
Is 616312113 composite?
True
Is 151694845 a composite number?
True
Is 17339307 a prime number?
False
Is 402321377 a prime number?
True
Is 2165363 prime?
False
Is 938745649 a composite number?
False
Is 93611959 a composite number?
True
Is 354964547 a composite number?
True
Is 6187373 a composite number?
True
Is 2273651 composite?
False
Is 3109507 a composite number?
True
Is 5633179 prime?
False
Is 133238866 a prime number?
False
Is 62518361 prime?
True
Is 159901327 a prime number?
True
Is 281863903 a prime number?
True
Is 4084807 composite?
False
Is 4253901 prime?
False
Is 22500547 a prime number?
True
Is 27762503 a prime number?
False
Is 32950039 composite?
False
Is 817591697 prime?
False
Is 9561577 a composite number?
True
Is 60973673 prime?
False
Is 248092121 composite?
False
Is 1811983 prime?
True
Is 5991883 a prime number?
True
Is 53199833 prime?
False
Is 126028907 a prime number?
True
Is 1079971 a prime number?
False
Is 38899537 a composite number?
False
Is 14240573 composite?
False
Is 45414557 a composite number?
True
Is 15888063 a prime number?
False
Is 339817633 a prime number?
False
Is 699042731 composite?
False
Is 102188101 composite?
True
Is 801762559 a composite number?
True
Is 49644197 prime?
False
Is 92976265 composite?
True
Is 5172493 prime?
False
Is 8485579 a prime number?
True
Is 11997071 a prime number?
True
Is 129094309 prime?
True
Is 31061297 a composite number?
False
Is 8141327 composite?
False
Is 1233429 a composite number?
True
Is 17874809 prime?
True
Is 298223657 composite?
True
Is 290627 prime?
True
Is 20127917 a prime number?
True
Is 14138233 prime?
True
Is 3258166565 a prime number?
False
Is 18972739 composite?
True
Is 9432573 composite?
True
Is 22781261 composite?
False
Is 28709585 a composite number?
True
Is 298303 composite?
False
Is 1886317 prime?
True
Is 3945233 prime?
True
Is 1371053 prime?
False
Is 92150171 prime?
False
Is 805963163 a prime number?
True
Is 17689391 a prime number?
False
Is 193990429 composite?
False
Is 977401 prime?
False
Is 310642607 composite?
True
Is 2050717 a prime number?
True
Is 15858911 prime?
False
Is 4026377 a prime number?
False
Is 9669089 composite?
True
Is 894024523 a prime number?
False
Is 5395483 a prime number?
True
Is 1529741 a composite number?
False
Is 8259787 a prime number?
True
Is 95849753 prime?
True
Is 6975974 a composite number?
True
Is 306338363 a prime number?
True
Is 12087503 prime?
True
Is 356773 a composite number?
True
Is 147045023 a composite number?
False
Is 5943907 a prime number?
False
Is 8529413 prime?
True
Is 866353 composite?
False
Is 363614587 prime?
False
Is 2310277 a prime number?
True
Is 249523 prime?
False
Is 15505877 a prime number?
False
Is 4993741 a prime number?
True
Is 2108423 a composite number?
True
Is 271527307 a composite number?
False
Is 4335089 composite?
True
Is 4192933 a composite number?
True
Is 249383 prime?
True
Is 334207 a composite number?
True
Is 7699189 a prime number?
True
Is 2032039 a composite number?
False
Is 21236398 a prime number?
False
Is 175271771 a prime number?
True
Is 6269741 composite?
True
Is 2221157 prime?
False
Is 1024285 prime?
False
Is 23349611 a prime number?
False
Is 30548293 prime?
True
Is 44898143 composite?
False
Is 42808317 a composite number?
True
Is 3097597 composite?
True
Is 25161161 a composite number?
False
Is 1035869 a composite number?
False
Is 3884605 a composite number?
True
Is 62956637 composite?
True
Is 8483285 a prime number?
False
Is 6496211 composite?
False
Is 2148071 composite?
False
Is 490519 composite?
False
Is 109017395 a prime number?
False
Is 684946279 a composite number?
True
Is 1467289 a composite number?
True
Is 94740889 a prime number?
True
Is 43895591 a composite number?
False
Is 10122591 a prime number?
False
Is 1447147079 a composite number?
True
Is 6793559 a composite number?
False
Is 9701 a composite number?
True
Is 434079053 a composite number?
False
Is 8520359 prime?
True
Is 623928959 prime?
True
Is 71155481 prime?
True
Is 11781698 a composite number?
True
Is 165322843 composite?
True
Is 100656197 a composite number?
False
Is 1437801986 composite?
True
Is 15051737 prime?